{"id":18307,"date":"2026-05-02T19:29:01","date_gmt":"2026-05-02T19:29:01","guid":{"rendered":"https:\/\/legendcar.be\/?post_type=autos&#038;p=18307"},"modified":"2026-05-02T19:29:01","modified_gmt":"2026-05-02T19:29:01","slug":"porsche-macan-4-ev-5","status":"publish","type":"autos","link":"https:\/\/legendcar.be\/fr\/autos\/porsche-macan-4-ev-5\/","title":{"rendered":"Porsche Macan 4 EV"},"content":{"rendered":"<p>Porsche Macan 4 EV \u00e0 vendre, provenant du premier propri\u00e9taire.<\/p>\n<p>Peinture d&rsquo;origine, sans aucun accident. V\u00e9hicule en parfait \u00e9tat ! Garantie d&rsquo;usine Porsche jusqu&rsquo;en janvier 2027. Possibilit\u00e9 d&rsquo;extension de garantie.  <\/p>\n<p>Location financi\u00e8re possible sur 60 mois avec une valeur r\u00e9siduelle maximale de 25%. Nous vous ferons volontiers une proposition personnalis\u00e9e. La reprise de votre v\u00e9hicule actuel est \u00e9galement toujours possible.  <\/p>\n<p>Couleur ext\u00e9rieure : Noir<br \/>\nCouleur int\u00e9rieure : Int\u00e9rieur cuir noir<\/p>\n<p>V\u00e9hicule richement \u00e9quip\u00e9 avec les options suivantes :<\/p>\n<p><b>1BK<\/b>: Suspension pneumatique adaptative avec  <span class=\"citation-254\">PASM<br \/>\n<\/span><b><span class=\"citation-253\">1N3<\/span><\/b><span class=\"citation-253\">: Direction assist\u00e9e Plus<br \/>\n<\/span> <g id=\"gid_4\"><g id=\"gid_5\">3FU<\/g><\/g><g id=\"gid_6\">: Toit panoramique<x id=\"gid_7\"><\/x><\/g> <b><span class=\"citation-251\">3S2<\/span><\/b><span class=\"citation-251\">: Rails de toit en aluminium noir<br \/>\n<\/span><b><span class=\"citation-250\">58H<\/span><\/b><span class=\"citation-250\">: Jantes 22 pouces RS Spyder Design, peintes en noir brillant<br \/>\n<\/span> <g id=\"gid_4\"><g id=\"gid_5\">6H1<\/g><\/g><g id=\"gid_6\">: Sideblades peints en couleur ext\u00e9rieure<x id=\"gid_7\"><\/x><\/g> <b><span class=\"citation-248\">8LH<\/span><\/b><span class=\"citation-248\">: Pack Sport Chrono<br \/>\n<\/span><b><span class=\"citation-247\">8T3<\/span><\/b><span class=\"citation-247\">: R\u00e9gulateur de vitesse adaptatif<br \/>\n<\/span> <g id=\"gid_4\"><g id=\"gid_5\">AI9<\/g><\/g><g id=\"gid_6\">: Volant chauffant<x id=\"gid_7\"><\/x><\/g> <b><span class=\"citation-245\">GM3<\/span><\/b><span class=\"citation-245\">: Porsche Electric Sport Sound<br \/>\n<\/span><b><span class=\"citation-244\">Q2J<\/span><\/b><span class=\"citation-244\">: Si\u00e8ges confort (14 r\u00e9glages \u00e9lectriques) avec pack m\u00e9moire<br \/>\n<\/span> <g id=\"gid_4\"><g id=\"gid_5\">QJ4<\/g><\/g><g id=\"gid_6\">: Baguettes de vitres lat\u00e9rales en noir brillant<x id=\"gid_7\"><\/x><\/g> <b><span class=\"citation-242\">VW1<\/span><\/b><span class=\"citation-242\">: Vitrage Privacy<\/span><\/p>\n<p>Les options ci-dessus sont des suppl\u00e9ments \u00e0 l\u2019\u00e9quipement standard d\u00e9j\u00e0 complet :<\/p>\n<p>4+1 places assises<br \/>\nSi\u00e8ges chauffants \u00e0 l&rsquo;avant<br \/>\nIsofix pour si\u00e8ge enfant \u00e0 l&rsquo;arri\u00e8re<br \/>\nHayon automatique<br \/>\nPerformance Battery Plus 100 kWh<br \/>\nTransmission int\u00e9grale<br \/>\nVolant sport multifonction en cuir avec Mode-Switch<br \/>\nR\u00e9troviseurs ext\u00e9rieurs rabattables \u00e9lectriquement<br \/>\nPhares LED<br \/>\n\u00c9clairage d&rsquo;ambiance et de communication<br \/>\nClimatisation automatique bi-zone<br \/>\nCompartiment smartphone avec chargeur \u00e0 induction (jusqu&rsquo;\u00e0 15W)<br \/>\nRadio num\u00e9rique<br \/>\nSound Package Plus<br \/>\nInt\u00e9gration smartphone<br \/>\nPompe \u00e0 chaleur<br \/>\nChargeur AC embarqu\u00e9 avec puissance de charge jusqu&rsquo;\u00e0 11 kW<br \/>\nC\u00e2ble de charge (mode 3)<br \/>\nFonction d&rsquo;arr\u00eat d&rsquo;urgence avec Assistant de maintien de voie<br \/>\nReconnaissance des panneaux de signalisation<br \/>\nParkAssist (avant\/arri\u00e8re) avec cam\u00e9ra de recul<br \/>\nAssistant de changement de voie <\/p>\n<p>Vous \u00eates toujours les bienvenus dans notre Car Studio pour admirer ce v\u00e9hicule par vous-m\u00eame.<\/p>\n<p>Contactez-nous au 0471\/49.67.53 ou \u00e0 julien@legendcar.be pour un rendez-vous.<\/p>\n","protected":false},"featured_media":18311,"template":"","categories":[],"class_list":["post-18307","autos","type-autos","status-publish","has-post-thumbnail","hentry"],"acf":[],"yoast_head":"<!-- This site is optimized with the Yoast SEO plugin v27.0 - https:\/\/yoast.com\/product\/yoast-seo-wordpress\/ -->\n<title>Porsche Macan 4 EV | Legend Car<\/title>\n<meta name=\"robots\" content=\"index, follow, max-snippet:-1, max-image-preview:large, max-video-preview:-1\" \/>\n<link rel=\"canonical\" href=\"https:\/\/legendcar.be\/fr\/autos\/porsche-macan-4-ev-5\/\" \/>\n<meta property=\"og:locale\" content=\"fr_FR\" \/>\n<meta property=\"og:type\" content=\"article\" \/>\n<meta property=\"og:title\" content=\"Porsche Macan 4 EV | Legend Car\" \/>\n<meta property=\"og:description\" content=\"Porsche Macan 4 EV \u00e0 vendre, provenant du premier propri\u00e9taire. Peinture d&rsquo;origine, sans aucun accident. V\u00e9hicule en parfait \u00e9tat ! Garantie d&rsquo;usine Porsche jusqu&rsquo;en janvier 2027. Possibilit\u00e9 d&rsquo;extension de garantie. Location financi\u00e8re possible sur 60 mois avec une valeur r\u00e9siduelle maximale de 25%. Nous vous ferons volontiers une proposition personnalis\u00e9e. La reprise de votre v\u00e9hicule [&hellip;]\" \/>\n<meta property=\"og:url\" content=\"https:\/\/legendcar.be\/fr\/autos\/porsche-macan-4-ev-5\/\" \/>\n<meta property=\"og:site_name\" content=\"Legend Car\" \/>\n<meta property=\"og:image\" content=\"https:\/\/legendcar.be\/wp-content\/uploads\/2023\/09\/legend-car-fotoshoot.jpg\" \/>\n\t<meta property=\"og:image:width\" content=\"1238\" \/>\n\t<meta property=\"og:image:height\" content=\"1027\" \/>\n\t<meta property=\"og:image:type\" content=\"image\/jpeg\" \/>\n<meta name=\"twitter:card\" content=\"summary_large_image\" \/>\n<meta name=\"twitter:label1\" content=\"Dur\u00e9e de lecture estim\u00e9e\" \/>\n\t<meta name=\"twitter:data1\" content=\"2 minutes\" \/>\n<script type=\"application\/ld+json\" class=\"yoast-schema-graph\">{\"@context\":\"https:\/\/schema.org\",\"@graph\":[{\"@type\":\"WebPage\",\"@id\":\"https:\/\/legendcar.be\/fr\/autos\/porsche-macan-4-ev-5\/\",\"url\":\"https:\/\/legendcar.be\/fr\/autos\/porsche-macan-4-ev-5\/\",\"name\":\"Porsche Macan 4 EV | Legend Car\",\"isPartOf\":{\"@id\":\"https:\/\/legendcar.be\/fr\/#website\"},\"primaryImageOfPage\":{\"@id\":\"https:\/\/legendcar.be\/fr\/autos\/porsche-macan-4-ev-5\/#primaryimage\"},\"image\":{\"@id\":\"https:\/\/legendcar.be\/fr\/autos\/porsche-macan-4-ev-5\/#primaryimage\"},\"thumbnailUrl\":\"https:\/\/legendcar.be\/wp-content\/uploads\/2026\/05\/Coming-soon-scaled.jpg\",\"datePublished\":\"2026-05-02T19:29:01+00:00\",\"breadcrumb\":{\"@id\":\"https:\/\/legendcar.be\/fr\/autos\/porsche-macan-4-ev-5\/#breadcrumb\"},\"inLanguage\":\"fr-FR\",\"potentialAction\":[{\"@type\":\"ReadAction\",\"target\":[\"https:\/\/legendcar.be\/fr\/autos\/porsche-macan-4-ev-5\/\"]}]},{\"@type\":\"ImageObject\",\"inLanguage\":\"fr-FR\",\"@id\":\"https:\/\/legendcar.be\/fr\/autos\/porsche-macan-4-ev-5\/#primaryimage\",\"url\":\"https:\/\/legendcar.be\/wp-content\/uploads\/2026\/05\/Coming-soon-scaled.jpg\",\"contentUrl\":\"https:\/\/legendcar.be\/wp-content\/uploads\/2026\/05\/Coming-soon-scaled.jpg\",\"width\":2560,\"height\":1707,\"caption\":\"abstract coming soon halftone style background design\"},{\"@type\":\"BreadcrumbList\",\"@id\":\"https:\/\/legendcar.be\/fr\/autos\/porsche-macan-4-ev-5\/#breadcrumb\",\"itemListElement\":[{\"@type\":\"ListItem\",\"position\":1,\"name\":\"Home\",\"item\":\"https:\/\/legendcar.be\/fr\/accueil\/\"},{\"@type\":\"ListItem\",\"position\":2,\"name\":\"Porsche Macan 4 EV\"}]},{\"@type\":\"WebSite\",\"@id\":\"https:\/\/legendcar.be\/fr\/#website\",\"url\":\"https:\/\/legendcar.be\/fr\/\",\"name\":\"Legend Car\",\"description\":\"\",\"publisher\":{\"@id\":\"https:\/\/legendcar.be\/fr\/#organization\"},\"potentialAction\":[{\"@type\":\"SearchAction\",\"target\":{\"@type\":\"EntryPoint\",\"urlTemplate\":\"https:\/\/legendcar.be\/fr\/?s={search_term_string}\"},\"query-input\":{\"@type\":\"PropertyValueSpecification\",\"valueRequired\":true,\"valueName\":\"search_term_string\"}}],\"inLanguage\":\"fr-FR\"},{\"@type\":\"Organization\",\"@id\":\"https:\/\/legendcar.be\/fr\/#organization\",\"name\":\"Legend Car\",\"url\":\"https:\/\/legendcar.be\/fr\/\",\"logo\":{\"@type\":\"ImageObject\",\"inLanguage\":\"fr-FR\",\"@id\":\"https:\/\/legendcar.be\/fr\/#\/schema\/logo\/image\/\",\"url\":\"\",\"contentUrl\":\"\",\"caption\":\"Legend Car\"},\"image\":{\"@id\":\"https:\/\/legendcar.be\/fr\/#\/schema\/logo\/image\/\"}}]}<\/script>\n<!-- \/ Yoast SEO plugin. -->","yoast_head_json":{"title":"Porsche Macan 4 EV | Legend Car","robots":{"index":"index","follow":"follow","max-snippet":"max-snippet:-1","max-image-preview":"max-image-preview:large","max-video-preview":"max-video-preview:-1"},"canonical":"https:\/\/legendcar.be\/fr\/autos\/porsche-macan-4-ev-5\/","og_locale":"fr_FR","og_type":"article","og_title":"Porsche Macan 4 EV | Legend Car","og_description":"Porsche Macan 4 EV \u00e0 vendre, provenant du premier propri\u00e9taire. Peinture d&rsquo;origine, sans aucun accident. V\u00e9hicule en parfait \u00e9tat ! Garantie d&rsquo;usine Porsche jusqu&rsquo;en janvier 2027. Possibilit\u00e9 d&rsquo;extension de garantie. Location financi\u00e8re possible sur 60 mois avec une valeur r\u00e9siduelle maximale de 25%. Nous vous ferons volontiers une proposition personnalis\u00e9e. La reprise de votre v\u00e9hicule [&hellip;]","og_url":"https:\/\/legendcar.be\/fr\/autos\/porsche-macan-4-ev-5\/","og_site_name":"Legend Car","og_image":[{"width":1238,"height":1027,"url":"https:\/\/legendcar.be\/wp-content\/uploads\/2023\/09\/legend-car-fotoshoot.jpg","type":"image\/jpeg"}],"twitter_card":"summary_large_image","twitter_misc":{"Dur\u00e9e de lecture estim\u00e9e":"2 minutes"},"schema":{"@context":"https:\/\/schema.org","@graph":[{"@type":"WebPage","@id":"https:\/\/legendcar.be\/fr\/autos\/porsche-macan-4-ev-5\/","url":"https:\/\/legendcar.be\/fr\/autos\/porsche-macan-4-ev-5\/","name":"Porsche Macan 4 EV | Legend Car","isPartOf":{"@id":"https:\/\/legendcar.be\/fr\/#website"},"primaryImageOfPage":{"@id":"https:\/\/legendcar.be\/fr\/autos\/porsche-macan-4-ev-5\/#primaryimage"},"image":{"@id":"https:\/\/legendcar.be\/fr\/autos\/porsche-macan-4-ev-5\/#primaryimage"},"thumbnailUrl":"https:\/\/legendcar.be\/wp-content\/uploads\/2026\/05\/Coming-soon-scaled.jpg","datePublished":"2026-05-02T19:29:01+00:00","breadcrumb":{"@id":"https:\/\/legendcar.be\/fr\/autos\/porsche-macan-4-ev-5\/#breadcrumb"},"inLanguage":"fr-FR","potentialAction":[{"@type":"ReadAction","target":["https:\/\/legendcar.be\/fr\/autos\/porsche-macan-4-ev-5\/"]}]},{"@type":"ImageObject","inLanguage":"fr-FR","@id":"https:\/\/legendcar.be\/fr\/autos\/porsche-macan-4-ev-5\/#primaryimage","url":"https:\/\/legendcar.be\/wp-content\/uploads\/2026\/05\/Coming-soon-scaled.jpg","contentUrl":"https:\/\/legendcar.be\/wp-content\/uploads\/2026\/05\/Coming-soon-scaled.jpg","width":2560,"height":1707,"caption":"abstract coming soon halftone style background design"},{"@type":"BreadcrumbList","@id":"https:\/\/legendcar.be\/fr\/autos\/porsche-macan-4-ev-5\/#breadcrumb","itemListElement":[{"@type":"ListItem","position":1,"name":"Home","item":"https:\/\/legendcar.be\/fr\/accueil\/"},{"@type":"ListItem","position":2,"name":"Porsche Macan 4 EV"}]},{"@type":"WebSite","@id":"https:\/\/legendcar.be\/fr\/#website","url":"https:\/\/legendcar.be\/fr\/","name":"Legend Car","description":"","publisher":{"@id":"https:\/\/legendcar.be\/fr\/#organization"},"potentialAction":[{"@type":"SearchAction","target":{"@type":"EntryPoint","urlTemplate":"https:\/\/legendcar.be\/fr\/?s={search_term_string}"},"query-input":{"@type":"PropertyValueSpecification","valueRequired":true,"valueName":"search_term_string"}}],"inLanguage":"fr-FR"},{"@type":"Organization","@id":"https:\/\/legendcar.be\/fr\/#organization","name":"Legend Car","url":"https:\/\/legendcar.be\/fr\/","logo":{"@type":"ImageObject","inLanguage":"fr-FR","@id":"https:\/\/legendcar.be\/fr\/#\/schema\/logo\/image\/","url":"","contentUrl":"","caption":"Legend Car"},"image":{"@id":"https:\/\/legendcar.be\/fr\/#\/schema\/logo\/image\/"}}]}},"_links":{"self":[{"href":"https:\/\/legendcar.be\/fr\/wp-json\/wp\/v2\/autos\/18307","targetHints":{"allow":["GET"]}}],"collection":[{"href":"https:\/\/legendcar.be\/fr\/wp-json\/wp\/v2\/autos"}],"about":[{"href":"https:\/\/legendcar.be\/fr\/wp-json\/wp\/v2\/types\/autos"}],"version-history":[{"count":1,"href":"https:\/\/legendcar.be\/fr\/wp-json\/wp\/v2\/autos\/18307\/revisions"}],"predecessor-version":[{"id":18310,"href":"https:\/\/legendcar.be\/fr\/wp-json\/wp\/v2\/autos\/18307\/revisions\/18310"}],"wp:featuredmedia":[{"embeddable":true,"href":"https:\/\/legendcar.be\/fr\/wp-json\/wp\/v2\/media\/18311"}],"wp:attachment":[{"href":"https:\/\/legendcar.be\/fr\/wp-json\/wp\/v2\/media?parent=18307"}],"wp:term":[{"taxonomy":"category","embeddable":true,"href":"https:\/\/legendcar.be\/fr\/wp-json\/wp\/v2\/categories?post=18307"}],"curies":[{"name":"wp","href":"https:\/\/api.w.org\/{rel}","templated":true}]}}

<p>Porsche Macan 4 EV à vendre, provenant du premier propriétaire.</p>
<p>Peinture d&rsquo;origine, sans aucun accident. Véhicule en parfait état ! Garantie d&rsquo;usine Porsche jusqu&rsquo;en janvier 2027. Possibilité d&rsquo;extension de garantie.  </p>
<p>Location financière possible sur 60 mois avec une valeur résiduelle maximale de 25%. Nous vous ferons volontiers une proposition personnalisée. La reprise de votre véhicule actuel est également toujours possible.  </p>
<p>Couleur extérieure : Noir<br />
Couleur intérieure : Intérieur cuir noir</p>
<p>Véhicule richement équipé avec les options suivantes :</p>
<p><b>1BK</b>: Suspension pneumatique adaptative avec  <span class="citation-254">PASM<br />
</span><b><span class="citation-253">1N3</span></b><span class="citation-253">: Direction assistée Plus<br />
</span> <g id="gid_4"><g id="gid_5">3FU</g></g><g id="gid_6">: Toit panoramique<x id="gid_7"></x></g> <b><span class="citation-251">3S2</span></b><span class="citation-251">: Rails de toit en aluminium noir<br />
</span><b><span class="citation-250">58H</span></b><span class="citation-250">: Jantes 22 pouces RS Spyder Design, peintes en noir brillant<br />
</span> <g id="gid_4"><g id="gid_5">6H1</g></g><g id="gid_6">: Sideblades peints en couleur extérieure<x id="gid_7"></x></g> <b><span class="citation-248">8LH</span></b><span class="citation-248">: Pack Sport Chrono<br />
</span><b><span class="citation-247">8T3</span></b><span class="citation-247">: Régulateur de vitesse adaptatif<br />
</span> <g id="gid_4"><g id="gid_5">AI9</g></g><g id="gid_6">: Volant chauffant<x id="gid_7"></x></g> <b><span class="citation-245">GM3</span></b><span class="citation-245">: Porsche Electric Sport Sound<br />
</span><b><span class="citation-244">Q2J</span></b><span class="citation-244">: Sièges confort (14 réglages électriques) avec pack mémoire<br />
</span> <g id="gid_4"><g id="gid_5">QJ4</g></g><g id="gid_6">: Baguettes de vitres latérales en noir brillant<x id="gid_7"></x></g> <b><span class="citation-242">VW1</span></b><span class="citation-242">: Vitrage Privacy</span></p>
<p>Les options ci-dessus sont des suppléments à l’équipement standard déjà complet :</p>
<p>4+1 places assises<br />
Sièges chauffants à l&rsquo;avant<br />
Isofix pour siège enfant à l&rsquo;arrière<br />
Hayon automatique<br />
Performance Battery Plus 100 kWh<br />
Transmission intégrale<br />
Volant sport multifonction en cuir avec Mode-Switch<br />
Rétroviseurs extérieurs rabattables électriquement<br />
Phares LED<br />
Éclairage d&rsquo;ambiance et de communication<br />
Climatisation automatique bi-zone<br />
Compartiment smartphone avec chargeur à induction (jusqu&rsquo;à 15W)<br />
Radio numérique<br />
Sound Package Plus<br />
Intégration smartphone<br />
Pompe à chaleur<br />
Chargeur AC embarqué avec puissance de charge jusqu&rsquo;à 11 kW<br />
Câble de charge (mode 3)<br />
Fonction d&rsquo;arrêt d&rsquo;urgence avec Assistant de maintien de voie<br />
Reconnaissance des panneaux de signalisation<br />
ParkAssist (avant/arrière) avec caméra de recul<br />
Assistant de changement de voie </p>
<p>Vous êtes toujours les bienvenus dans notre Car Studio pour admirer ce véhicule par vous-même.</p>
<p>Contactez-nous au 0471/49.67.53 ou à julien@legendcar.be pour un rendez-vous.</p>

<!-- This site is optimized with the Yoast SEO plugin v27.0 - https://yoast.com/product/yoast-seo-wordpress/ -->
<title>Porsche Macan 4 EV | Legend Car</title>
<meta name="robots" content="index, follow, max-snippet:-1, max-image-preview:large, max-video-preview:-1" />
<link rel="canonical" href="https://legendcar.be/fr/autos/porsche-macan-4-ev-5/" />
<meta property="og:locale" content="fr_FR" />
<meta property="og:type" content="article" />
<meta property="og:title" content="Porsche Macan 4 EV | Legend Car" />
<meta property="og:description" content="Porsche Macan 4 EV à vendre, provenant du premier propriétaire. Peinture d&rsquo;origine, sans aucun accident. Véhicule en parfait état ! Garantie d&rsquo;usine Porsche jusqu&rsquo;en janvier 2027. Possibilité d&rsquo;extension de garantie. Location financière possible sur 60 mois avec une valeur résiduelle maximale de 25%. Nous vous ferons volontiers une proposition personnalisée. La reprise de votre véhicule [&hellip;]" />
<meta property="og:url" content="https://legendcar.be/fr/autos/porsche-macan-4-ev-5/" />
<meta property="og:site_name" content="Legend Car" />
<meta property="og:image" content="https://legendcar.be/wp-content/uploads/2023/09/legend-car-fotoshoot.jpg" />
	<meta property="og:image:width" content="1238" />
	<meta property="og:image:height" content="1027" />
	<meta property="og:image:type" content="image/jpeg" />
<meta name="twitter:card" content="summary_large_image" />
<meta name="twitter:label1" content="Durée de lecture estimée" />
	<meta name="twitter:data1" content="2 minutes" />
<script type="application/ld+json" class="yoast-schema-graph">{"@context":"https://schema.org","@graph":[{"@type":"WebPage","@id":"https://legendcar.be/fr/autos/porsche-macan-4-ev-5/","url":"https://legendcar.be/fr/autos/porsche-macan-4-ev-5/","name":"Porsche Macan 4 EV | Legend Car","isPartOf":{"@id":"https://legendcar.be/fr/#website"},"primaryImageOfPage":{"@id":"https://legendcar.be/fr/autos/porsche-macan-4-ev-5/#primaryimage"},"image":{"@id":"https://legendcar.be/fr/autos/porsche-macan-4-ev-5/#primaryimage"},"thumbnailUrl":"https://legendcar.be/wp-content/uploads/2026/05/Coming-soon-scaled.jpg","datePublished":"2026-05-02T19:29:01+00:00","breadcrumb":{"@id":"https://legendcar.be/fr/autos/porsche-macan-4-ev-5/#breadcrumb"},"inLanguage":"fr-FR","potentialAction":[{"@type":"ReadAction","target":["https://legendcar.be/fr/autos/porsche-macan-4-ev-5/"]}]},{"@type":"ImageObject","inLanguage":"fr-FR","@id":"https://legendcar.be/fr/autos/porsche-macan-4-ev-5/#primaryimage","url":"https://legendcar.be/wp-content/uploads/2026/05/Coming-soon-scaled.jpg","contentUrl":"https://legendcar.be/wp-content/uploads/2026/05/Coming-soon-scaled.jpg","width":2560,"height":1707,"caption":"abstract coming soon halftone style background design"},{"@type":"BreadcrumbList","@id":"https://legendcar.be/fr/autos/porsche-macan-4-ev-5/#breadcrumb","itemListElement":[{"@type":"ListItem","position":1,"name":"Home","item":"https://legendcar.be/fr/accueil/"},{"@type":"ListItem","position":2,"name":"Porsche Macan 4 EV"}]},{"@type":"WebSite","@id":"https://legendcar.be/fr/#website","url":"https://legendcar.be/fr/","name":"Legend Car","description":"","publisher":{"@id":"https://legendcar.be/fr/#organization"},"potentialAction":[{"@type":"SearchAction","target":{"@type":"EntryPoint","urlTemplate":"https://legendcar.be/fr/?s={search_term_string}"},"query-input":{"@type":"PropertyValueSpecification","valueRequired":true,"valueName":"search_term_string"}}],"inLanguage":"fr-FR"},{"@type":"Organization","@id":"https://legendcar.be/fr/#organization","name":"Legend Car","url":"https://legendcar.be/fr/","logo":{"@type":"ImageObject","inLanguage":"fr-FR","@id":"https://legendcar.be/fr/#/schema/logo/image/","url":"","contentUrl":"","caption":"Legend Car"},"image":{"@id":"https://legendcar.be/fr/#/schema/logo/image/"}}]}</script>
<!-- / Yoast SEO plugin. -->

Porsche Macan 4 EV à vendre, provenant du premier propriétaire. Peinture d&rsquo;origine, sans aucun accident. Véhicule en parfait état ! Garantie d&rsquo;usine Porsche jusqu&rsquo;en janvier 2027. Possibilité d&rsquo;extension de garantie. Location financière possible sur 60 mois avec une valeur résiduelle maximale de 25%. Nous vous ferons volontiers une proposition personnalisée. La reprise de votre véhicule [&hellip;]
